List the prime factors of 6.
2, 3
What are the prime factors of 20180?
2, 5, 1009
What are the prime factors of 424?
2, 53
List the prime factors of 54862.
2, 27431
What are the prime factors of 1213?
1213
List the prime factors of 1107.
3, 41
What are the prime factors of 170339?
13, 13103
List the prime factors of 66703.
7, 13, 733
What are the prime factors of 962?
2, 13, 37
List the prime factors of 37288.
2, 59, 79
List the prime factors of 78212.
2, 19553
What are the prime factors of 14461?
14461
List the prime factors of 511.
7, 73
List the prime factors of 51443.
7, 7349
What are the prime factors of 4172?
2, 7, 149
List the prime factors of 8733.
3, 41, 71
What are the prime factors of 145287?
3, 5381
List the prime factors of 1535.
5, 307
What are the prime factors of 96646?
2, 11, 23, 191
List the prime factors of 69757.
79, 883
List the prime factors of 6322.
2, 29, 109
What are the prime factors of 964?
2, 241
What are the prime factors of 1154?
2, 577
List the prime factors of 38516.
2, 9629
List the prime factors of 7511.
7, 29, 37
List the prime factors of 145729.
61, 2389
What are the prime factors of 1446?
2, 3, 241
List the prime factors of 9606.
2, 3, 1601
List the prime factors of 4470.
2, 3, 5, 149
List the prime factors of 57021.
3, 83, 229
List the prime factors of 8299.
43, 193
What are the prime factors of 18472?
2, 2309
List the prime factors of 6316.
2, 1579
What are the prime factors of 1395?
3, 5, 31
List the prime factors of 3927.
3, 7, 11, 17
What are the prime factors of 195?
3, 5, 13
List the prime factors of 685.
5, 137
What are the prime factors of 2519?
11, 229
List the prime factors of 584.
2, 73
What are the prime factors of 196?
2, 7
List the prime factors of 57874.
2, 19, 1523
What are the prime factors of 63891?
3, 31, 229
List the prime factors of 4411.
11, 401
What are the prime factors of 11520?
2, 3, 5
What are the prime factors of 18327?
3, 41, 149
List the prime factors of 102.
2, 3, 17
What are the prime factors of 2400?
2, 3, 5
What are the prime factors of 992?
2, 31
What are the prime factors of 20293?
7, 13, 223
List the prime factors of 2471.
7, 353
List the prime factors of 2390.
2, 5, 239
What are the prime factors of 6852?
2, 3, 571
List the prime factors of 62262.
2, 3, 1153
List the prime factors of 1514.
2, 757
List the prime factors of 1061.
1061
List the prime factors of 44235.
3, 5, 983
What are the prime factors of 3363?
3, 19, 59
What are the prime factors of 12759?
3, 4253
What are the prime factors of 42338?
2, 21169
What are the prime factors of 2666?
2, 31, 43
List the prime factors of 5044.
2, 13, 97
What are the prime factors of 15448?
2, 1931
List the prime factors of 6094.
2, 11, 277
List the prime factors of 8784.
2, 3, 61
List the prime factors of 1933.
1933
List the prime factors of 256.
2
List the prime factors of 54118.
2, 27059
What are the prime factors of 81057?
3, 41, 659
List the prime factors of 4110.
2, 3, 5, 137
What are the prime factors of 21159?
3, 2351
What are the prime factors of 4186?
2, 7, 13, 23
List the prime factors of 18920.
2, 5, 11, 43
What are the prime factors of 11099?
11, 1009
List the prime factors of 30788.
2, 43, 179
What are the prime factors of 37005?
3, 5, 2467
List the prime factors of 795.
3, 5, 53
What are the prime factors of 751?
751
List the prime factors of 19793.
19793
What are the prime factors of 967?
967
List the prime factors of 7370.
2, 5, 11, 67
What are the prime factors of 1729?
7, 13, 19
List the prime factors of 46804.
2, 11701
List the prime factors of 407.
11, 37
List the prime factors of 27932.
2, 6983
List the prime factors of 451.
11, 41
List the prime factors of 686.
2, 7
List the prime factors of 1784.
2, 223
List the prime factors of 4624.
2, 17
What are the prime factors of 6153?
3, 7, 293
What are the prime factors of 14?
2, 7
List the prime factors of 1147.
31, 37
List the prime factors of 10840.
2, 5, 271
List the prime factors of 76501.
113, 677
List the prime factors of 1840.
2, 5, 23
What are the prime factors of 1150?
2, 5, 23
What are the prime factors of 9970?
2, 5, 997
What are the prime factors of 49317?
3, 17, 967
What are the prime factors of 11695?
5, 2339
What are the prime factors of 621?
3, 23
List the prime factors of 24958.
2, 12479
What are the prime factors of 4243?
4243
What are the prime factors of 153405?
3, 5, 7, 487
What are the prime factors of 21450?
2, 3, 5, 11, 13
What are the prime factors of 1864?
2, 233
List the prime factors of 1330.
2, 5, 7, 19
What are the prime factors of 26432?
2, 7, 59
List the prime factors of 14422.
2, 7211
What are the prime factors of 15584?
2, 487
What are the prime factors of 3431?
47, 73
List the prime factors of 22541.
22541
What are the prime factors of 17945?
5, 37, 97
What are the prime factors of 338?
2, 13
What are the prime factors of 2804?
2, 701
List the prime factors of 1419.
3, 11, 43
List the prime factors of 30873.
3, 41, 251
List the prime factors of 19851.
3, 13, 509
What are the prime factors of 676?
2, 13
What are the prime factors of 1338?
2, 3, 223
What are the prime factors of 2860?
2, 5, 11, 13
List the prime factors of 180532.
2, 11, 373
What are the prime factors of 3818?
2, 23, 83
List the prime factors of 14283.
3, 23
List the prime factors of 660.
2, 3, 5, 11
List the prime factors of 35987.
7, 53, 97
What are the prime factors of 506?
2, 11, 23
List the prime factors of 2323.
23, 101
What are the prime factors of 6484?
2, 1621
List the prime factors of 59153.
149, 397
List the prime factors of 8721.
3, 17, 19
What are the prime factors of 1342?
2, 11, 61
What are the prime factors of 1840?
2, 5, 23
What are the prime factors of 596?
2, 149
What are the prime factors of 2882?
2, 11, 131
List the prime factors of 79498.
2, 39749
List the prime factors of 35462.
2, 7, 17, 149
List the prime factors of 1145.
5, 229
What are the prime factors of 9768?
2, 3, 11, 37
What are the prime factors of 217?
7, 31
List the prime factors of 2986.
2, 1493
List the prime factors of 67097.
229, 293
What are the prime factors of 6441?
3, 19, 113
List the prime factors of 855.
3, 5, 19
What are the prime factors of 607?
607
What are the prime factors of 471?
3, 157
List the prime factors of 3199.
7, 457
List the prime factors of 64964.
2, 109, 149
What are the prime factors of 8935?
5, 1787
List the prime factors of 76483.
11, 17, 409
What are the prime factors of 53548?
2, 11, 1217
What are the prime factors of 2667?
3, 7, 127
List the prime factors of 913.
11, 83
List the prime factors of 3809.
13, 293
What are the prime factors of 75991?
75991
List the prime factors of 17969.
7, 17, 151
List the prime factors of 34740.
2, 3, 5, 193
List the prime factors of 9143.
41, 223
What are the prime factors of 54798?
2, 3, 9133
List the prime factors of 127295.
5, 7, 3637
List the prime factors of 1823.
1823
What are the prime factors of 25353?
3, 313
What are the prime factors of 146?
2, 73
What are the prime factors of 31263?
3, 17, 613
What are the prime factors of 9234?
2, 3, 19
List the prime factors of 5059.
5059
What are the prime factors of 24987?
3, 8329
What are the prime factors of 24609?
3, 13, 631
List the prime factors of 1173.
3, 17, 23
What are the prime factors of 23356?
2, 5839
List the prime factors of 15257.
11, 19, 73
What are the prime factors of 7437?
3, 37, 67
List the prime factors of 1394.
2, 17, 41
What are the prime factors of 7418?
2, 3709
List the prime factors of 5799.
3, 1933
List the prime factors of 3782.
2, 31, 61
List the prime factors of 1117.
1117
What are the prime factors of 447?
3, 149
What are the prime factors of 12179?
19, 641
List the prime factors of 6066.
2, 3, 337
What are the prime factors of 402?
2, 3, 67
List the prime factors of 18512.
2, 13, 89
What are the prime factors of 854?
2, 7, 61
What are the prime factors of 4160?
2, 5, 13
List the prime factors of 3094.
2, 7, 13, 17
List the prime factors of 43.
43
What are the prime factors of 18499?
13, 1423
What are the prime factors of 62478?
2, 3, 13, 89
List the prime factors of 11354.
2, 7, 811
List the prime factors of 830.
2, 5, 83
List the prime factors of 706.
2, 353
What are the prime factors of 93998?
2, 43, 1093
List the prime factor